{"id":14,"date":"2018-01-17T23:37:18","date_gmt":"2018-01-17T23:37:18","guid":{"rendered":"http:\/\/cryocourse2021.grenoble.cnrs.fr\/?page_id=14"},"modified":"2021-09-24T14:12:35","modified_gmt":"2021-09-24T14:12:35","slug":"program","status":"publish","type":"page","link":"http:\/\/cryocourse2021.grenoble.cnrs.fr\/index.php\/program\/","title":{"rendered":"Program"},"content":{"rendered":"<p>The meeting starts and ends in Grenoble, Institut N\u00e9el. Buses will commute the attendees between N\u00e9el and the Cryocourse location chosen for theoretical lectures, the <em>Ch\u00e2teau de Passi\u00e8res<\/em>. This part of the conference is retransmitted for \u00ab\u00a0on-line participants\u00a0\u00bb.<\/p>\n<p><strong>Monday, 20th (Grenoble)<br \/><\/strong><\/p>\n<p><span style=\"color: #0000ff;\">15:00 &#8212; 17:00 \u00a0\u00a0\u00a0\u00a0\u00a0<em> Welcome and Registration <strong>at CNRS-Grenoble<\/strong><\/em><\/span><\/p>\n<p><span style=\"color: #333333;\">17:00 \u00a0<\/span> \u00a0 \u00a0 \u00a0 \u00a0 \u00a0 \u00a0 \u00a0\u00a0 \u00a0 \u00a0\u00a0 <em>Departure <strong>from CNRS<\/strong> to Cryocourse location by special bus<\/em><\/p>\n<p><span style=\"color: #0000ff;\">19:30 &#8212; 20:30<\/span>\u00a0 \u00a0\u00a0\u00a0 <span style=\"color: #0000ff;\">Dinner<\/span><em>, <strong>ch\u00e2teau de Passi\u00e8res<\/strong><\/em><\/p>\n<p><strong>Tuesday, 21st (ch\u00e2teau de Passi\u00e8res)<br \/><\/strong><\/p>\n<p><span style=\"color: #0000ff;\">8:45 &#8212; 9:00 \u00a0\u00a0\u00a0\u00a0\u00a0\u00a0\u00a0\u00a0 Eddy Collin<\/span><br \/><span style=\"color: #0000ff;\"><em>Welcome &#8211; introduction to Cryocourse and European Microkelvin Platform<\/em><\/span><\/p>\n<p>9:00 &#8212; 10:00\u00a0\u00a0 \u00a0 \u00a0\u00a0 Andrew Fefferman<br \/><span style=\"color: #808080;\"><em>Thermodynamics<\/em><\/span><\/p>\n<p>10:00 &#8212; 11:00\u00a0 \u00a0 \u00a0\u00a0 Christian Gian\u00e8se<em><br \/><span style=\"color: #808080;\">Liquefaction, storage and transfer of Cryofluids<\/span><br \/><\/em><\/p>\n<p><span style=\"color: #0000ff;\">11:00 &#8212; 11:30 \u00a0\u00a0\u00a0\u00a0\u00a0\u00a0 Pause<\/span><em><br \/><\/em><\/p>\n<p>11:30 &#8212; 12:30 \u00a0\u00a0\u00a0\u00a0\u00a0\u00a0 S\u00e9bastien Triqueneaux<br \/><span style=\"color: #808080;\"><em><span style=\"color: #808080;\">Properties of cryogenic fluids<\/span> <\/em><\/span><\/p>\n<p><span style=\"color: #0000ff;\">12:30 &#8212; 14:00 \u00a0\u00a0\u00a0\u00a0 \u00a0 Lunch<\/span><em><br \/><\/em><\/p>\n<p>14:00 &#8212; 15:00 \u00a0\u00a0\u00a0\u00a0\u00a0\u00a0 S\u00e9bastien Triqueneaux<em><br \/><span style=\"color: #808080;\">Safety and good practice in handling Cryofluids<\/span><\/em><\/p>\n<p>15:00 &#8212; 16:00\u00a0\u00a0\u00a0\u00a0\u00a0\u00a0\u00a0 Christophe Marcenat<em><br \/><span style=\"color: #808080;\">Properties of solids (heat capacity)<\/span><\/em><\/p>\n<p><span style=\"color: #0000ff;\">16:00 &#8212; 16:30 \u00a0\u00a0\u00a0\u00a0\u00a0\u00a0 Pause<\/span><\/p>\n<p>16:30 &#8212; 17:30\u00a0\u00a0\u00a0\u00a0\u00a0\u00a0\u00a0 Christophe Marcenat<em><br \/><span style=\"color: #808080;\">Properties of solids (heat capacity, thermal conductivity)<\/span><\/em><\/p>\n<p>17:30 &#8212; 18:30\u00a0\u00a0\u00a0\u00a0\u00a0\u00a0\u00a0 S\u00e9bastien Triqueneaux<em><br \/><span style=\"color: #808080;\">Cryostat design<\/span><br \/><\/em><\/p>\n<p><span style=\"color: #0000ff;\">19:30 &#8212; 20:30 \u00a0\u00a0\u00a0\u00a0\u00a0\u00a0 Dinner<\/span><\/p>\n<p><strong>Wednesday, 22nd (ch\u00e2teau de Passi\u00e8res)<br \/><\/strong><\/p>\n<p>9:00 &#8212; 10:00\u00a0\u00a0 \u00a0 \u00a0\u00a0 Andrew Casey<br \/><span style=\"color: #808080;\"><em>Metrology<\/em><\/span><\/p>\n<p>10:00 &#8212; 11:00\u00a0 \u00a0 \u00a0\u00a0 Silke B\u00fchler-Paschen<em><br \/><span style=\"color: #808080;\">Strongly correlated electrons<\/span><br \/><\/em><\/p>\n<p><span style=\"color: #0000ff;\">11:00 &#8212; 11:30 \u00a0\u00a0\u00a0\u00a0\u00a0\u00a0 Pause<\/span><em><br \/><\/em><\/p>\n<p>11:30 &#8212; 12:30 \u00a0\u00a0\u00a0\u00a0\u00a0\u00a0 Silke B\u00fchler-Paschen<br \/><em><span style=\"color: #808080;\">Quantum phase transitions<\/span><br \/><\/em><\/p>\n<p><span style=\"color: #0000ff;\">12:30 &#8212; 14:00 \u00a0\u00a0\u00a0\u00a0 \u00a0 Lunch<\/span><em><br \/><\/em><\/p>\n<p>14:00 &#8212; 15:00 \u00a0\u00a0\u00a0\u00a0\u00a0\u00a0 Andrew Fefferman<em><br \/><span style=\"color: #808080;\">Vacuum and low temperatures<\/span><br \/><\/em><\/p>\n<p>15:00 &#8212; 16:00\u00a0\u00a0\u00a0\u00a0\u00a0\u00a0\u00a0 Manolo Nu\u00f1ez Regueiro <em><br \/><span style=\"color: #808080;\">Properties of solids (resistivity)<\/span><\/em><\/p>\n<p><span style=\"color: #0000ff;\">16:00 &#8212; 16:30 \u00a0\u00a0\u00a0\u00a0\u00a0\u00a0 Pause<\/span><\/p>\n<p>16:30 &#8212; 17:30\u00a0\u00a0\u00a0\u00a0\u00a0\u00a0\u00a0 Manolo Nu\u00f1ez Regueiro<em><br \/><span style=\"color: #808080;\">High pressures at low temperatures<\/span><br \/><\/em><\/p>\n<p>17:30 &#8212; 18:30\u00a0\u00a0\u00a0\u00a0\u00a0\u00a0\u00a0 Peter Skyba<em><br \/><span style=\"color: #808080;\">Heat transfer, Thermal isolation and thermal contact<\/span><br \/><\/em><\/p>\n<p><span style=\"color: #0000ff;\">19:30 &#8212; 20:30 \u00a0\u00a0\u00a0\u00a0\u00a0\u00a0 Dinner<\/span><\/p>\n<p>21:30 &#8212; 23:00 \u00a0\u00a0\u00a0\u00a0\u00a0\u00a0 Poster Evening <em>session I<\/em><\/p>\n<p><strong>Thursday, 23rd (ch\u00e2teau de Passi\u00e8res)<br \/><\/strong><\/p>\n<p>9:00 &#8212; 10:00\u00a0\u00a0 \u00a0 \u00a0\u00a0 Henri Godfrin<br \/><em>Dilution refrigerators<br \/><\/em><\/p>\n<p>10:00 &#8212; 11:00\u00a0 \u00a0 \u00a0\u00a0 Juha Tuoriniemi<em><br \/>Nuclear adiabatic demagnetisation<br \/><\/em><\/p>\n<p><span style=\"color: #0000ff;\">11:00 &#8212; 11:30 \u00a0\u00a0\u00a0\u00a0\u00a0\u00a0 Pause<\/span><em><br \/><\/em><\/p>\n<p>11:30 &#8212; 12:30 \u00a0\u00a0\u00a0\u00a0\u00a0\u00a0 Clemens Winkelmann<br \/><em>Heat conduction, refrigeration and thermoelectricity in quantum electronic devices<br \/><\/em><\/p>\n<p><span style=\"color: #0000ff;\">12:30 &#8212; 14:00 \u00a0\u00a0\u00a0\u00a0 \u00a0 Lunch<\/span><em><br \/><\/em><\/p>\n<p>14:00 &#8212; 15:00 \u00a0\u00a0\u00a0\u00a0\u00a0\u00a0 Martino Calvo<em><br \/>Low Temperature Detectors (LTDs)<br \/><\/em><\/p>\n<p>15:00 &#8212; 16:00\u00a0\u00a0\u00a0\u00a0\u00a0\u00a0 Jean-Marc Duval<em><br \/>Cryogenics\u00a0 for space applications<br \/><\/em><\/p>\n<p><span style=\"color: #0000ff;\">16:00 &#8212; 16:30 \u00a0\u00a0\u00a0\u00a0\u00a0\u00a0 Pause<\/span><\/p>\n<p>16:30 &#8212; 17:30\u00a0\u00a0\u00a0\u00a0\u00a0\u00a0\u00a0 Philippe Camus<em><br \/>Cryogenics for quantum information<br \/><\/em><\/p>\n<p>17:30 &#8212; 18:30\u00a0\u00a0\u00a0\u00a0\u00a0\u00a0\u00a0 <em>Alessandro Monfardini<br \/>Kinetic Inductance Detectors (KIDs)<\/em><\/p>\n<p><span style=\"color: #0000ff;\">19:30 &#8212; 20:30 \u00a0\u00a0\u00a0\u00a0\u00a0\u00a0 Dinner<\/span><\/p>\n<p>21:30 &#8212; 23:00 \u00a0\u00a0\u00a0\u00a0\u00a0\u00a0 Poster Evening <em>session II<\/em><\/p>\n<p><strong>Friday, 24th (ch\u00e2teau de Passi\u00e8res)<br \/><\/strong><\/p>\n<p>9:00 &#8212; 10:00\u00a0\u00a0 \u00a0 \u00a0\u00a0 Herv\u00e9 Cercellier<br \/><em><span style=\"color: #808080;\">Superconductivity<\/span><br \/><\/em><\/p>\n<p>10:00 &#8212; 11:00\u00a0 \u00a0 \u00a0\u00a0 Guillaume Donnier-Valentin<em><br \/><span style=\"color: #808080;\">Superconducting magnets &#8211; theory and design<\/span><br \/><\/em><\/p>\n<p><span style=\"color: #0000ff;\">11:00 &#8212; 11:30 \u00a0\u00a0\u00a0\u00a0\u00a0\u00a0 Pause &#8211; <span style=\"color: #ff0000;\">Group photo in front of Passi\u00e8res<\/span><\/span><em><br \/><\/em><\/p>\n<p>11:30 &#8212; 12:30 \u00a0\u00a0\u00a0\u00a0\u00a0\u00a0 Pascal Tixador<br \/><em><span style=\"color: #808080;\">Superconducting engineering I<\/span><br \/><\/em><\/p>\n<p><span style=\"color: #0000ff;\">12:30 &#8212; 14:00 \u00a0\u00a0\u00a0\u00a0 \u00a0 Lunch<\/span><em><br \/><\/em><\/p>\n<p>14:00 &#8212; 15:00 \u00a0\u00a0\u00a0\u00a0\u00a0\u00a0 Pascal Tixador<em><br \/><span style=\"color: #808080;\">Superconducting engineering II<\/span><br \/><\/em><\/p>\n<p>15:00 &#8212; 16:00\u00a0\u00a0\u00a0\u00a0\u00a0\u00a0\u00a0 Olivier Bourgeois<em><br \/><span style=\"color: #808080;\">Phonons in micro and nanostructures: principles<\/span><br \/><\/em><\/p>\n<p><span style=\"color: #0000ff;\">16:00 &#8212; 16:30 \u00a0\u00a0\u00a0\u00a0\u00a0\u00a0 Pause<\/span><\/p>\n<p>16:30 &#8212; 17:30\u00a0\u00a0\u00a0\u00a0\u00a0\u00a0\u00a0 Olivier Bourgeois<em><br \/><span style=\"color: #808080;\">Phonons in micro and nanostructures: methods<\/span><br \/><\/em><\/p>\n<p>17:30 &#8212; 18:30\u00a0\u00a0\u00a0\u00a0\u00a0\u00a0\u00a0 Nicolas Roch<em><br \/><span style=\"color: #808080;\">Quantum electronics, qu-bits<\/span><br \/><\/em><\/p>\n<p><span style=\"color: #0000ff;\">19:30 &#8212; 20:30 \u00a0\u00a0\u00a0\u00a0\u00a0\u00a0 Dinner<\/span><\/p>\n<p><strong>Saturday, 25th (ch\u00e2teau de Passi\u00e8res)<br \/><\/strong><\/p>\n<p>9:00 &#8212; 10:00\u00a0\u00a0 \u00a0 \u00a0\u00a0 Christian Enss<br \/><em>Disordered solids at low temperatures<br \/><\/em><\/p>\n<p>10:00 &#8212; 11:00\u00a0 \u00a0 \u00a0\u00a0 Viktor Tsepelin<em><br \/>Quantum fluids and solids I<br \/><\/em><\/p>\n<p><span style=\"color: #0000ff;\">11:00 &#8212; 11:30 \u00a0\u00a0\u00a0\u00a0\u00a0\u00a0 Pause<\/span><em><br \/><\/em><\/p>\n<p>11:30 &#8212; 12:30 \u00a0\u00a0\u00a0\u00a0\u00a0\u00a0 Christian Enss<br \/><em>Thermometry I (T &lt; 1 K)<\/em><\/p>\n<p><span style=\"color: #0000ff;\">12:30 &#8212; 14:00 \u00a0\u00a0\u00a0\u00a0 \u00a0 Lunch<\/span><em><br \/><\/em><\/p>\n<p>14:00 &#8212; 15:00 \u00a0\u00a0\u00a0\u00a0\u00a0\u00a0 Florence L\u00e9vy-Bertrand<em><br \/>Thermometry II (T &gt; 1 K)<br \/><\/em><\/p>\n<p>15:00 &#8212; 16:00\u00a0\u00a0\u00a0\u00a0\u00a0\u00a0\u00a0 Viktor Tsepelin<em><br \/>Quantum fluids and solids II<br \/><\/em><\/p>\n<p><span style=\"color: #0000ff;\">16:00 &#8212; 16:30 \u00a0\u00a0\u00a0\u00a0\u00a0\u00a0 Pause<\/span><\/p>\n<p>16:30 &#8212; 17:30\u00a0\u00a0\u00a0\u00a0\u00a0\u00a0\u00a0 Henri Godfrin<em><br \/>Statistical physics<br \/><\/em><\/p>\n<p>17:30 &#8212; 18:30\u00a0\u00a0\u00a0\u00a0\u00a0\u00a0\u00a0 Olivier Exshaw<em><br \/>Electronics and low temperatures<\/em><\/p>\n<p><span style=\"color: #0000ff;\">19:30 &#8212; 20:30 \u00a0\u00a0\u00a0\u00a0\u00a0\u00a0 Banquet<\/span><\/p>\n<p><strong>Sunday, 26th (ch\u00e2teau de Passi\u00e8res)<br \/><\/strong><\/p>\n<p>9:00 &#8212; 10:00\u00a0\u00a0 \u00a0 \u00a0\u00a0 Eddy Collin<br \/><em><span style=\"color: #808080;\">Micromechanical resonators\/optomechanics<\/span><br \/><\/em><\/p>\n<p>10:00 &#8212; 11:00\u00a0 \u00a0 \u00a0\u00a0 Klaus Hasselbach<em><br \/><span style=\"color: #808080;\">SQUIDS and (micro\/nano) SQUID microscopy<\/span><br \/><\/em><\/p>\n<p><span style=\"color: #0000ff;\">11:00 &#8212; 11:30 \u00a0\u00a0\u00a0\u00a0\u00a0\u00a0 Pause<\/span><em><br \/><\/em><\/p>\n<p>11:30 &#8212; 12:30 \u00a0\u00a0\u00a0\u00a0\u00a0\u00a0 Elsa Lhotel<br \/><em><span style=\"color: #808080;\">Magnetism<\/span><br \/><\/em><\/p>\n<p><span style=\"color: #0000ff;\">12:30 &#8212; 14:00 \u00a0\u00a0\u00a0\u00a0 \u00a0 Lunch<\/span><\/p>\n<p>14:00 \u00a0 \u00a0 \u00a0\u00a0\u00a0\u00a0\u00a0\u00a0\u00a0\u00a0\u00a0\u00a0\u00a0\u00a0\u00a0\u00a0\u00a0\u00a0\u00a0 <em>Departure <strong>from Chichilianne to Grenoble<\/strong> by special bus<\/em><\/p>\n<p>The \u00ab\u00a0hands-on\u00a0\u00bb courses will take place at Institut N\u00e9el &#8211; CNRS. The attendees are split in 3 groups of about 10-20 people working in parallel on Course A, Course B, Course C:<\/p>\n<ul>\n<li>Course A: <em>Liquid 4He, superfluidity <\/em><\/li>\n<li>Course B: <em>Cryogenic workshop<br \/><\/em>\u00a0\u00a0\u00a0\u00a0\u00a0\u00a0\u00a0\u00a0\u00a0\u00a0\u00a0\u00a0\u00a0\u00a0\u00a0\u00a0\u00a0 B1: TIG welding \/ B2: Brazing \/ B3: Gluing \/ B4: Leak detection<\/li>\n<li>Course C: <em>Liquefaction &amp; Handling of cryofluids<\/em><\/li>\n<\/ul>\n<p><strong>Monday, 27th (Grenoble CNRS)<\/strong><\/p>\n<p>9:00 &#8212; 12:30\u00a0 \u00a0 \u00a0\u00a0 Hands-on courses <em><br \/><span style=\"color: #808080;\">Course A \/ Course B \/ Course C<\/span><br \/><\/em><\/p>\n<p>Meeting point: <span style=\"color: #ff0000;\"><strong>Entrance of Building E<\/strong><\/span><\/p>\n<p><span style=\"color: #0000ff;\">12:30 &#8212; 14:00 \u00a0\u00a0\u00a0\u00a0 \u00a0 Lunch<\/span><\/p>\n<p>14:00 &#8212; 15:00 \u00a0\u00a0\u00a0\u00a0\u00a0\u00a0 Jean-Fran\u00e7ois Motte &amp; Thierry Fournier<br \/><em><span style=\"color: #808080;\">Micro-Nano-fabrication technologies \/ Visit of Z building<\/span><br \/><\/em><\/p>\n<p>A lecture on the microfabrication technologies mastered in Grenoble, with images of devices realised for very low temperature experiments. Tour of the \u00ab\u00a0Z building\u00a0\u00bb, designed by scientists for scientists working in mesocopic physics.<\/p>\n<p>Meeting point: <span style=\"color: #ff0000;\"><strong>Entrance of Building A<\/strong><\/span><\/p>\n<p><strong>Tuesday, 28th (Grenoble CNRS)<\/strong><\/p>\n<p>9:00 &#8212; 12:30\u00a0 \u00a0 \u00a0\u00a0 Hands-on courses <em><br \/><span style=\"color: #808080;\">Course A \/ Course B \/ Course C<\/span><\/em><\/p>\n<p>Meeting point: <span style=\"color: #ff0000;\"><strong>Entrance of Building E<\/strong><\/span><\/p>\n<p><span style=\"color: #0000ff;\">12:30 &#8212; 13:00 \u00a0\u00a0\u00a0\u00a0\u00a0<em><strong> School summary<\/strong> &#8211; instruction for travel expanses<\/em><\/span><\/p>\n<p><span style=\"color: #0000ff;\">13:00 &#8212; 14:00 \u00a0\u00a0\u00a0\u00a0 \u00a0 Lunch<\/span><\/p>\n<p>The attendees leave CNRS and shall lead back to their home places.<\/p>\n<p>\u00a0<\/p>\n<p><strong>Evenings Wednesday 22nd and Thursday 23rd:<\/strong><\/p>\n<p><strong>Poster session I program:<\/strong><\/p>\n<table width=\"1022\">\n<tbody>\n<tr>\n<td width=\"166\">Brisuda<\/td>\n<td width=\"182\">Boris<\/td>\n<td width=\"674\">Quantum nanophononics at low temperatures: towards heat manipulation\u00a0<\/td>\n<\/tr>\n<tr>\n<td>Cooper<\/td>\n<td>Bernard<\/td>\n<td>Innovative Cryogenics for Superconducting Nanowire Single Photon Detectors(SNSPD)s\u00a0<\/td>\n<\/tr>\n<tr>\n<td>Eng<\/td>\n<td>Nathan<\/td>\n<td>Helium Under Confinement<\/td>\n<\/tr>\n<tr>\n<td>Gamblen<\/td>\n<td>Emily<\/td>\n<td>Measuring Properties of 2D Materials Using 2D Materials-Based Sensors<\/td>\n<\/tr>\n<tr>\n<td>Gouriou<\/td>\n<td>Clement<\/td>\n<td>Ultrasensitive nanowire force sensing in the low photon number at cryogenic temperature<\/td>\n<\/tr>\n<tr>\n<td>Holub<\/td>\n<td>Mariia<\/td>\n<td width=\"674\">The compound [Ni(2aepy)2Cl (H2O)] Cl\u22c5H2O as a candidate approaching a topological quantum <br \/>critical point of a spin-1 one-dimensional antiferromagnet<\/td>\n<\/tr>\n<tr>\n<td>Kaur<\/td>\n<td>Arshjot<\/td>\n<td width=\"674\">Measurement of radionucleide decay data for Beta decay and Electron\u00a0 <br \/>Capture using Metallic Magnetic Calorimeters<\/td>\n<\/tr>\n<tr>\n<td>Khan<\/td>\n<td>Saba<\/td>\n<td>Vibrating carbon nanotubes: A nanomechanical probe to study quantum phenomena in superfluid 3He\u00a0<\/td>\n<\/tr>\n<tr>\n<td>Kouwenhoven<\/td>\n<td>Kevin<\/td>\n<td>Energy resolving visible\/near-IR KIDs<\/td>\n<\/tr>\n<tr>\n<td>Kuzmiak<\/td>\n<td>Marek<\/td>\n<td width=\"674\">Unconventional Density Of States Above The Upper Critical Field In <br \/>Homogeneous, Strongly Disordered MoN Superconducting Films<\/td>\n<\/tr>\n<tr>\n<td>Latella<\/td>\n<td>Thomas<\/td>\n<td>Pulse Tube Cryocoolers for quantronic applications<\/td>\n<\/tr>\n<tr>\n<td>Mauri<\/td>\n<td>Beatrice<\/td>\n<td>BASKET innovative bolometers for the CE\u03bdNS detection<\/td>\n<\/tr>\n<tr>\n<td>M\u00e9thivier<\/td>\n<td>Lucas<\/td>\n<td>Visualisation of density variation in liquid helium using synthetic shadowgraphy<\/td>\n<\/tr>\n<tr>\n<td>Museur<\/td>\n<td>Flavien<\/td>\n<td>Quantum aspects of fragmentation in spin ice<\/td>\n<\/tr>\n<tr>\n<td>Taylor<\/td>\n<td>Max<\/td>\n<td width=\"674\">Energy Efficient Superconducting Circuits Using Rapid Single Flux Quantum Pulses<\/td>\n<\/tr>\n<tr>\n<td>Veyrat de Lachenal<\/td>\n<td>Lou-Anne<\/td>\n<td width=\"674\">Specific heat in a 2D electron gas<\/td>\n<\/tr>\n<tr>\n<td>Volard<\/td>\n<td>Marie-Melody<\/td>\n<td>Topological nodal line in superfluid 3He and the Anderson theorem\u00a0<\/td>\n<\/tr>\n<tr>\n<td>Wielens<\/td>\n<td>Daan<\/td>\n<td>SQUID measurements on gate tunable magnetic topological insulator thin films in a dilution refrigerator\u00a0<\/td>\n<\/tr>\n<\/tbody>\n<\/table>\n<p><strong>Poster session II program:<\/strong><\/p>\n<table width=\"898\">\n<tbody>\n<tr>\n<td width=\"109\">Alperin<\/td>\n<td width=\"107\">Baptiste\u00a0<\/td>\n<td width=\"682\">Numerical study of the impact of clamps on nanomechanical resonators<\/td>\n<\/tr>\n<tr>\n<td>Armatol<\/td>\n<td>Antoine<\/td>\n<td>BINGO: Bi-Isotope 0\u03bd2\u03b2 Next Generation Observatory<\/td>\n<\/tr>\n<tr>\n<td>Aubergier<\/td>\n<td>Nathan<\/td>\n<td>Valleytronics in silicon\u00a0<\/td>\n<\/tr>\n<tr>\n<td>Ba\u010dkai<\/td>\n<td>J\u00falius<\/td>\n<td>Superconducting phase diagrams of LuB12 and Lu1-xZrxB12 (x \u2264 0.45) down to 50 mK<\/td>\n<\/tr>\n<tr>\n<td>Baranski<\/td>\n<td>Maciej<\/td>\n<td width=\"682\">SAW in the single-phonon regime<\/td>\n<\/tr>\n<tr>\n<td>Celi<\/td>\n<td>Emanuela<\/td>\n<td>Ge-NTD based low-temperature calorimeters for Neutrino Physics<\/td>\n<\/tr>\n<tr>\n<td>Gilmus<\/td>\n<td>Valernst<\/td>\n<td width=\"682\">Conception plastronique d&rsquo;un capteur IRM refroidi, combin\u00e9 \u00e0 un actionneur m\u00e9canique pour<br \/>\u00a0l&rsquo;\u00e9lastographie par r\u00e9sonance magn\u00e9tique, d\u00e9di\u00e9 \u00e0 l&rsquo;ing\u00e9nierie tissulaire<\/td>\n<\/tr>\n<tr>\n<td>Haas<\/td>\n<td>Marcel<\/td>\n<td width=\"682\">Investigating the Non-equilibrium Dynamics of two-level systems<\/td>\n<\/tr>\n<tr>\n<td>Jacquet<\/td>\n<td>Pierre-Edouard<\/td>\n<td width=\"682\">experimentally demonstrating broadband measurements below the SQL with a ng-scale resonator <br \/>embedded withing a high finesse optical cavity at 10mK<\/td>\n<\/tr>\n<tr>\n<td>M\u00f6rstedt<\/td>\n<td>Timm Fabian<\/td>\n<td>Fast Qubit Reset with a Quantum-Circuit Refrigerator\u00a0<\/td>\n<\/tr>\n<tr>\n<td>M\u00fcller<\/td>\n<td>Michael<\/td>\n<td width=\"682\">Passive persistent current switch for magnetic microcalorimeters (MMCs)<\/td>\n<\/tr>\n<tr>\n<td>Pedurand<\/td>\n<td>Richard<\/td>\n<td width=\"682\">The study of nanolayered amorphous optical materials at room and cryogenic temperatures using <br \/>microcantilever-based direct thermal noise measurements<\/td>\n<\/tr>\n<tr>\n<td>Shuster<\/td>\n<td>Constantin<\/td>\n<td width=\"682\">Monte-Carlo simulations of microwave SQUID multiplexers\u00a0<\/td>\n<\/tr>\n<tr>\n<td>St\u00e4nder<\/td>\n<td>Christian<\/td>\n<td>Cross-Correlated Current Sensing Noise Thermometers<\/td>\n<\/tr>\n<tr>\n<td>To<\/td>\n<td>Le Hong Hoang<\/td>\n<td width=\"682\">Superconductor-Metal-Insulator transitions in YxSi1-x thin films<\/td>\n<\/tr>\n<tr>\n<td>Unger<\/td>\n<td>Daniel<\/td>\n<td width=\"682\">MMC-based X-ray Detectors for IAXO<\/td>\n<\/tr>\n<tr>\n<td>Viswanathan<\/td>\n<td>Jeyathasan<\/td>\n<td>Development and characterization of a thin cryogenic target for ion acceleration<\/td>\n<\/tr>\n<tr>\n<td>Volavka<\/td>\n<td>Dominik<\/td>\n<td>Spin polarized scanning tunneling microscopy<\/td>\n<\/tr>\n<tr>\n<td>Zeng<\/td>\n<td>Weijun<\/td>\n<td width=\"682\">Electrical low-frequency 1\/f noise due to surface diffusion of scatterers on an ultra low noise <br \/>graphene platform<\/td>\n<\/tr>\n<\/tbody>\n<\/table>\n\n\n<p><\/p>\n","protected":false},"excerpt":{"rendered":"<p>The meeting starts and ends in Grenoble, Institut N\u00e9el. Buses will commute the attendees between N\u00e9el and the Cryocourse location chosen for theoretical lectures, the Ch\u00e2teau de Passi\u00e8res. This part of the conference is retransmitted for \u00ab\u00a0on-line participants\u00a0\u00bb. Monday, 20th &hellip; <a href=\"http:\/\/cryocourse2021.grenoble.cnrs.fr\/index.php\/program\/\">Continuer la lecture <span class=\"meta-nav\">&rarr;<\/span><\/a><\/p>\n","protected":false},"author":1,"featured_media":0,"parent":0,"menu_order":0,"comment_status":"closed","ping_status":"closed","template":"","meta":{"footnotes":""},"class_list":["post-14","page","type-page","status-publish","hentry"],"_links":{"self":[{"href":"http:\/\/cryocourse2021.grenoble.cnrs.fr\/index.php\/wp-json\/wp\/v2\/pages\/14","targetHints":{"allow":["GET"]}}],"collection":[{"href":"http:\/\/cryocourse2021.grenoble.cnrs.fr\/index.php\/wp-json\/wp\/v2\/pages"}],"about":[{"href":"http:\/\/cryocourse2021.grenoble.cnrs.fr\/index.php\/wp-json\/wp\/v2\/types\/page"}],"author":[{"embeddable":true,"href":"http:\/\/cryocourse2021.grenoble.cnrs.fr\/index.php\/wp-json\/wp\/v2\/users\/1"}],"replies":[{"embeddable":true,"href":"http:\/\/cryocourse2021.grenoble.cnrs.fr\/index.php\/wp-json\/wp\/v2\/comments?post=14"}],"version-history":[{"count":133,"href":"http:\/\/cryocourse2021.grenoble.cnrs.fr\/index.php\/wp-json\/wp\/v2\/pages\/14\/revisions"}],"predecessor-version":[{"id":543,"href":"http:\/\/cryocourse2021.grenoble.cnrs.fr\/index.php\/wp-json\/wp\/v2\/pages\/14\/revisions\/543"}],"wp:attachment":[{"href":"http:\/\/cryocourse2021.grenoble.cnrs.fr\/index.php\/wp-json\/wp\/v2\/media?parent=14"}],"curies":[{"name":"wp","href":"https:\/\/api.w.org\/{rel}","templated":true}]}}